alculate the greatest common divisor of h and 6.
6
Let q be (10 - -1)/(14/182). Suppose b + 21 = 65. Let i = -31 + b. What is the greatest common factor of q and i?
13
Suppose -3*w + 2*w = -12. Calculate the highest common divisor of 60 and w.
12
Let p(w) = -3 - 4*w**3 + w**2 + 2*w**3 + 4*w**3 - 5*w**2. Let l be p(3). Suppose 5*u = 3*u + 30. Calculate the highest common divisor of l and u.
15
Suppose -2*s + 172 = 5*g, 2*g - g + s = 32. What is the highest common factor of g and 288?
36
Suppose 11 + 44 = k. Suppose 15 = 3*i - 18. Calculate the greatest common divisor of k and i.
11
Suppose -4*p = -4*c + 16, 5*c - c - 20 = 0. Suppose -4*z = -z + n - 7, -5*n + 5 = 0. What is the highest common factor of p and z?
1
Let w be (3 - 24/(-10))*15. What is the highest common factor of 54 and w?
27
Suppose -9*m - 52 = -13*m. Suppose 86 + 96 = 2*h. Calculate the greatest common divisor of m and h.
13
Let b be ((-4)/3)/(4/(-12)). Let u(d) = -d**2 - 8*d + 3. Let a be u(-8). Let k = -2 + a. Calculate the highest common divisor of k and b.
1
Let x be 460/15 - 4/6. Suppose z = -3*s + 18, 4*z - 2*z + x = 5*s. Calculate the greatest common divisor of 66 and s.
6
Let a be (42 + -4)/(4/2). Suppose -2*o - 5*k - 7 = -a, -30 = -5*o + k. Let t = -11 + 26. What is the greatest common divisor of o and t?
3
Let d be (-268)/20 - (-6)/15. Let q(m) = -4*m - 12. Let u be q(d). Calculate the highest common divisor of 8 and u.
8
Let p = -288 - -657. What is the greatest common divisor of p and 41?
41
Let r = 108 + -81. What is the highest common divisor of 3 and r?
3
Let o = 70 - -62. Let h be ((-2)/(-7) - 2)*-7. What is the highest common divisor of o and h?
12
Let m be (-192)/(-4) + (1 - 1). What is the highest common factor of 6 and m?
6
Suppose 2*i - 5 = 9. Let k = i - 5. What is the highest common divisor of k and 2?
2
Let o(q) = -q**3 + q**2 + q + 21. Let d be o(0). Calculate the highest common divisor of 84 and d.
21
Let b = 1 - -1. Suppose 0 = 3*x + b*h - 82, 5*h - 13 = 12. What is the greatest common factor of x and 16?
8
Let b(w) = w**3 + 12*w**2 - 14*w - 14. Let a be b(-13). Let y(z) = z + 2. Let o be y(a). What is the highest common factor of 10 and o?
1
Let y = 5 + 0. Suppose 6*t - t + 10 = 0, 0 = y*z + 4*t - 112. Calculate the highest common divisor of z and 8.
8
Let a(y) = -y**2 - 10*y + 23. Let d be a(-11). What is the highest common divisor of d and 6?
6
Let y = -17 - -39. Let p be 2/4*(-6 + 72). Calculate the highest common factor of p and y.
11
Let l = -3 - -12. Suppose 10*v - 16*v + 486 = 0. What is the greatest common divisor of v and l?
9
Suppose -4*t + 2*r + 4 = -3*t, 6 = -t - 3*r. Let z be 1 + t - 16/(-8). Calculate the highest common factor of 6 and z.
3
Suppose -4*d = -270 - 30. Suppose -q + 42 = -d. Let g(f) = -f**2 + 6*f + 5. Let z be g(4). Calculate the highest common divisor of z and q.
13
Suppose -s - 63 = -3*s + 3*w, -4*s - 4*w + 136 = 0. Let p = s + -19. Suppose -48 + p = -d - o, -16 = -4*o. What is the greatest common factor of 12 and d?
6
Suppose 2*z - 6 = -0*z. Suppose -2*o = -4*j - z + 21, j = -3*o + 1. Suppose 308 = -0*t + j*t. Calculate the greatest common factor of t and 11.
11
Suppose 0 = -4*r + 18 + 26. What is the greatest common divisor of 11 and r?
11
Suppose 0 = 4*q + 10 - 118. Let c = 45 - q. Calculate the highest common factor of c and 2.
2
Suppose 2*s = -2*s + 352. Calculate the highest common factor of 11 and s.
11
Suppose 5*c - 43 = -33. Calculate the greatest common divisor of 1 and c.
1
Suppose 0 = -2*q - q + 3. Suppose q = -2*c - 4*j - 1, -c + 3*j = -14. What is the greatest common divisor of c and 1?
1
Let y(q) = 12*q**3 - q**2 + q - 1. Let j = 3 - -2. Suppose -p + 2 + 7 = -4*u, 3*u = -j*p - 1. Let b be y(p). Calculate the highest common divisor of b and 1.
1
Let l(x) be the third derivative of x**4/6 + x**3/3 + 2*x**2. Let i be l(-5). Let p = 7 - i. What is the greatest common factor of p and 275?
25
Let k be (16 - 0) + 2 + -2. What is the highest common divisor of k and 144?
16
Suppose -j + 645 = 5*w, 17 = 3*j + 2. Calculate the greatest common factor of 32 and w.
32
Let h be -12*((-3)/(-6) + -3). Let j be 58/5 - (-6)/15. What is the greatest common divisor of j and h?
6
Let x(c) = 9*c + 2. Let v be x(3). Calculate the greatest common divisor of v and 29.
29
Suppose q = -7*p + 2*p + 390, 3*q - 400 = -5*p. What is the greatest common divisor of p and 7?
7
Suppose 192 = -k + 3*k - 4*d, 4*k - 375 = 5*d. Calculate the highest common factor of k and 10.
10
Suppose 0 = -5*u - 20, -3*q + 4*q - 2*u = 60. Let c = -26 + q. Let s = c + 14. What is the greatest common factor of 10 and s?
10
Let r be ((-1)/3)/(3/(-144)). Calculate the highest common factor of r and 2.
2
Let m(s) = s**2 + 2*s + 2. Let n be m(-2). Let o(b) = b**3 + 4*b - 3. Let c be o(n). What is the highest common divisor of 117 and c?
13
Let h = -8 + 13. Let g(l) = -l**3 + 7*l**2 - 2*l - 7. Let i be g(h). Let n be (-5 + 1)*3/(-4). What is the greatest common factor of i and n?
3
Suppose d + 4*d - 540 = 0. Calculate the highest common divisor of d and 12.
12
Suppose 3*z - 57 = -9*c + 8*c, 2*c - 110 = -5*z. What is the highest common factor of 9 and c?
9
Let j = 65 - 63. Let d be 10 - 1 - (0 - -1). Calculate the greatest common factor of j and d.
2
Suppose 0 = -2*b + h + 40, 3*h = -0*h - 12. Let g = 102 + -37. Suppose g + 15 = c + 4*a, -5*c + 4*a + 352 = 0. Calculate the highest common factor of c and b.
18
Suppose -3*s = -0*s - 294. Calculate the greatest common factor of 49 and s.
49
Let u = -11 - -11. Suppose u*t - 3*t + 168 = 0. Calculate the highest common divisor of 7 and t.
7
Let n(o) be the third derivative of 7*o**5/60 - o**4/12 - o**3/3 - 4*o**2. Let g be n(3). Let k = 19 + -8. What is the highest common divisor of k and g?
11
Let j(c) = -c**3 + 3*c**2 - 11*c - 3. Suppose -5*t + 9 - 34 = 0. Let k be j(t). Calculate the highest common divisor of k and 28.
28
Let y(z) = 3*z - 8. Let c be y(7). Suppose 5*s + 2*o - 570 = 5*o, -4*s - 5*o = -493. Calculate the highest common factor of s and c.
13
Let v(c) = -c**3 + 4*c + 3. Let q be v(-3). Let y be (8/(-12))/((-1)/q). Calculate the highest common factor of y and 3.
3
Suppose 0*f - 40 = -n + 3*f, 2*f + 135 = 5*n. Suppose -n - 35 = -j. What is the greatest common divisor of 90 and j?
30
Suppose -5*a + 4*p = 33, -a - 13 = -5*p + 2. Let u be a/(-3) - (-2)/6. Suppose -u*j = -0*j - 40. What is the greatest common factor of j and 50?
10
Let l = 2 - -47. Let g = -35 + l. Calculate the highest common factor of 70 and g.
14
Let h(x) = x**3 - 2*x**2 - 5*x + 3. Let f be (4/(-10))/((-3)/(-30)). Let c be 6 + -4 - f/2. Let l be h(c). What is the greatest common divisor of l and 60?
15
Suppose 3*h - 28 = 2*h. Let r be 1/(-7) - (-1824)/h. Calculate the highest common divisor of r and 13.
13
Suppose -4*h = -0*h - 16. Suppose r - h = -0*r. Let g be (-2012)/(-14) + r/14. Calculate the greatest common factor of g and 18.
18
Suppose 0*h - h = -5. Suppose 0*c - h*c + 230 = 0. Calculate the greatest common divisor of c and 69.
23
Let u(f) = -2*f + 71. Let o be u(23). Suppose -45 = -2*j - k - 4*k, 4*j - k = 35. What is the greatest common factor of o and j?
5
Suppose 7*a - 45 - 235 = 0. Calculate the highest common divisor of a and 8.
8
Let x be -2 - (-80)/44 - 422/(-22). What is the greatest common factor of x and 133?
19
Suppose -x = -1 - 2. Let f be 194/6 + 2/x. Suppose 5*w - 17 - f = -3*z, -4*z - 30 = -3*w. Calculate the highest common factor of w and 70.
10
Suppose -5*r = -2*r - u - 11, 14 = 4*r - u. Suppose -90 = -3*b - 2*o, 0*b = r*b + 4*o - 84. What is the highest common factor of 48 and b?
16
Let c = 2 - -1. Suppose c*a = -3*w + 70 + 80, 2*w - 2 = 0. Calculate the greatest common factor of 7 and a.
7
Let j = 70 - -110. Suppose -4*z = 48 - j. What is the highest common divisor of 11 and z?
11
Let c = 11 + 7. What is the greatest common factor of c and 72?
18
Let t(v) = -v - 4. Let r be t(-3). Let q = r + 8. Let j be 2*((-1323)/18)/(-21). Calculate the greatest common divisor of q and j.
7
Let x be ((-40)/(-6))/(10/(-6) + 2). Suppose -75 = -4*b - j + 4, 4*b + 3*j - 77 = 0. Calculate the highest common factor of x and b.
20
Suppose 2 - 1 = 2*c - 3*y, 0 = 5*y - 25. Suppose 0 = 2*a - p - 3, -a - 2*a + 4*p + 2 = 0. Calculate the hi